to base 11
-112a7
Convert 680 (base 10) to base 6.
3052
-2119 (base 11) to base 4
-223303
What is -2441 (base 5) in base 14?
-1c7
Convert 1010101110101 (base 2) to base 3.
21112110
Convert 1233040 (base 5) to base 11.
17160
What is -95b8 (base 14) in base 15?
-79c8
Convert 2003213 (base 5) to base 3.
1121110110
What is 2751 (base 14) in base 12?
4017
Convert 176 (base 12) to base 14.
12a
11333 (base 4) to base 2
101111111
-2012000 (base 3) to base 8
-3071
Convert 28c6 (base 14) to base 9.
10823
-23034 (base 5) to base 3
-2020220
-641 (base 14) to base 15
-573
502325 (base 6) to base 10
39437
What is 40000 (base 7) in base 14?
3700
What is 2b5 (base 16) in base 8?
1265
Convert -21205 (base 6) to base 3.
-10221212
-10132 (base 5) to base 9
-821
Convert -9d6 (base 14) to base 12.
-1168
203231 (base 4) to base 13
106a
8534 (base 14) to base 10
22978
What is 1441 (base 7) in base 14?
2c8
-101122 (base 4) to base 2
-10001011010
2004 (base 11) to base 9
3582
Convert 7 (base 12) to base 3.
21
Convert -1bc (base 15) to base 5.
-3102
-21c (base 14) to base 4
-12202
204525 (base 7) to base 16
89b2
-554 (base 9) to base 13
-28c
What is 241c (base 14) in base 4?
1202122
What is -224 (base 15) in base 4?
-13210
-c2 (base 16) to base 12
-142
Convert 523 (base 7) to base 14.
14a
Convert -1542 (base 7) to base 8.
-1152
Convert -133661 (base 8) to base 16.
-b7b1
What is 101010011 (base 2) in base 8?
523
-40533 (base 8) to base 13
-7800
Convert 4e (base 15) to base 10.
74
Convert 150123 (base 6) to base 4.
3133203
What is 6a1 (base 11) in base 8?
1505
Convert 152 (base 16) to base 6.
1322
448 (base 11) to base 3
201212
Convert -3 (base 11) to base 10.
-3
Convert -15bb (base 16) to base 13.
-26bc
What is -12221 (base 8) in base 10?
-5265
Convert -5798 (base 15) to base 7.
-105131
17866 (base 9) to base 10
12372
Convert -7815 (base 9) to base 16.
-1685
-1405032 (base 6) to base 8
-232014
What is -1000110001110 (base 2) in base 11?
-3416
Convert -513 (base 10) to base 9.
-630
What is -5a04 (base 14) in base 10?
-15684
What is -3031111 (base 5) in base 13?
-19350
Convert -c771 (base 14) to base 13.
-12871
Convert 2323 (base 5) to base 2.
101010010
Convert -33210 (base 5) to base 10.
-2305
What is 748 (base 12) in base 2?
10000101000
What is 8986 (base 10) in base 3?
110022211
Convert 539a (base 12) to base 3.
110121101
What is -1ed (base 15) in base 4?
-13000
What is -112444 (base 5) in base 9?
-5582
Convert a44 (base 11) to base 6.
5454
Convert 8a7f (base 16) to base 2.
1000101001111111
-d2a2 (base 15) to base 10
-44477
-3502 (base 7) to base 3
-1202021
Convert 864 (base 12) to base 14.
63a
Convert 4335 (base 6) to base 5.
12440
Convert -421 (base 7) to base 4.
-3103
What is 22 (base 12) in base 16?
1a
Convert 3f01 (base 16) to base 10.
16129
What is 1116 (base 16) in base 6?
32130
Convert 2020 (base 3) to base 16.
3c
-379 (base 11) to base 3
-121122
Convert -212 (base 3) to base 10.
-23
Convert -1110100100101 (base 2) to base 14.
-2a0d
Convert -ce9 (base 15) to base 8.
-5547
1471 (base 12) to base 14
c29
What is -17741 (base 10) in base 15?
-53cb
Convert -2c54 (base 15) to base 2.
-10010100111001
-575 (base 9) to base 15
-218
-302 (base 6) to base 5
-420
Convert 5727 (base 9) to base 14.
1789
What is 14aa5 (base 16) in base 10?
84645
662 (base 9) to base 14
2aa
1b3 (base 13) to base 14
187
What is 1215 (base 6) in base 5?
2144
Convert 2656 (base 9) to base 7.
5550
Convert -1155 (base 13) to base 12.
-14b0
Convert -23ee (base 15) to base 6.
-55225
Convert -114f (base 16) to base 2.
-1000101001111
What is -178 (base 15) in base 7?
-662
1010100111000 (base 2) to base 11
4099
Convert -5351 (base 6) to base 8.
-2303
Convert 2421444 (base 5) to base 4.
23003001
What is 214416 (base 7) in base 9?
56513
Convert 102212 (base 4) to base 16.
4a6
112102220 (base 3) to base 5
314102
111211220 (base 3) to base 12
5a13
What is 10001110111100 (base 2) in base 8?
21674
Convert 55 (base 9) to base 7.
101
Convert 11100223 (base 4) to base 8.
52053
-254430 (base 6) to base 16
-5a12
What is -1133 (base 8) in base 7?
-1521
14002 (base 5) to base 9
1482
-212 (base 15) to base 10
-467
What is -442 (base 9) in base 3?
-111102
Convert 44a (base 11) to base 4.
20122
-10000001000 (base 2) to base 3
-1102020
What is -232b (base 16) in base 3?
-110100110
12a3 (base 11) to base 6
11450
-213220 (base 4) to base 14
-cd2
What is 558 (base 13) in base 16?
396
What is 46bb (base 13) in base 6?
114032
Convert 21949 (base 10) to base 14.
7ddb
10 (base 10) to base 3
101
-11222031 (base 4) to base 14
-863b
What is -40 (base 16) in base 6?
-144
Convert -20534 (base 6) to base 13.
-136c
What is 5152 (base 6) in base 11?
954
What is -1040 (base 13) in base 2?
-100011001001
-4c1 (base 14) to base 15
-438
Convert -103133 (base 5) to base 14.
-1411
What is 1343 (base 7) in base 13?
311
What is 2954 (base 13) in base 15?
1b8e
What is 200 (base 15) in base 16?
1c2
What is -150423 (base 7) in base 16?
-7161
What is -52262 (base 8) in base 5?
-1143212
104 (base 16) to base 6
1112
What is 522 (base 9) in base 6?
1545
What is 2572 (base 8) in base 7?
4042
Convert 2012221021 (base 3) to base 4.
22222231
What is -b82 (base 16) in base 11?
-2239
-13407 (base 9) to base 6
-110011
-2154 (base 8) to base 4
-101230
What is 2412 (base 6) in base 15?
28e
Convert 216403 (base 7) to base 16.
9580
-2121010 (base 3) to base 9
-2533
-2108 (base 11) to base 4
-223213
2854 (base 10) to base 12
179a
What is -73034 (base 9) in base 3?
-2110001011
Convert 18232 (base 9) to base 4.
3010220
-1132 (base 8) to base 9
-738
Convert 5955 (base 15) to base 6.
223512
Convert -22b4 (base 16) to base 12.
-5184
What is -101132 (base 5) in base 15?
-e97
Convert 51246 (base 7) to base 3.
122010020
Convert 2459 (base 11) to base 8.
6212
What is -222132 (base 6) in base 12?
-a948
-1201121 (base 3) to base 12
-88a
144 (base 5) to base 2
110001
-9278 (base 11) to base 7
-50610
Convert 3a7 (base 11) to base 13.
2ac
What is 32b (base 14) in base 11?
520
What is -1bc (base 15) in base 2?
-110010010
827c (base 13) to base 8
43141
-12310 (base 4) to base 5
-3221
Convert 100100010001101 (base 2) to base 14.
6aa9
-462 (base 9) to base 5
-3010
19ab (base 15) to base 10
5561
Convert 1211 (base 3) to base 11.
45
b73 (base 14) to base 2
100011010001
Convert 1020110 (base 3) to base 2.
1110000111
Convert 115c (base 16) to base 8.
10534
What is -32785 (base 12) in base 13?
-24515
-423 (base 12) to base 7
-1521
What is 3610 (base 7) in base 16?
532
Convert 171 (base 12) to base 6.
1021
What is 192 (base 16) in base 6?
1510
Convert -10738 (base 9) to base 2.
-1101111111011
What is -101020 (base 3) in base 5?
-2101
What is 3199 (base 10) in base 7?
12220
-3153 (base 11) to base 8
-10114
What is -1010011011 (base 2) in base 8?
-1233
What is -612 (base 7) in base 8?
-457
-1438 (base 9) to base 10
-1088
What is 232 (base 14) in base 6?
2004
What is -65 (base 9) in base 2?
-111011
Convert -2053 (base 6) to base 11.
-393
Convert b12 (base 14) to base 4.
201330
-1132121 (base 5) to base 14
-7899
What is -11110001 (base 2) in base 13?
-157
Convert 1482 (base 10) to base 8.
2712
Convert 110000000000010 (base 2) to base 6.
305442
f46 (base 16) to base 6
30034
11111110101100 (base 2) to base 5
1010200
-3454 (base 12) to base 14
-21a0
What is -23401 (base 5) in base 3?
-2100221
-3317 (base 16) to base 2
-11001100010111
What is -6465 (base 7) in base 11?
-1802
Convert -20001 (base 3) to base 13.
-c7
Convert -3385 (base 10) to base 2.
-110100111001
Convert -1011011000010 (base 2) to base 5.
-141301
Convert -2d9 (base 16) to base 11.
-603
What is -21 (base 15) in base 7?
-43
Convert -15066 (base 7) to base 9.
-5636
Convert 53342 (base 6) to base 11.
5502
What is 9705 (base 12) in base 4?
10002311
Convert -44743 (base 10) to base 6.
-543051
832 (base 15) to base 8
3467
What is 1249 (base 14) in base 7?
12222
What is -14874 (base 16) in base 12?
-407b0
10211 (base 6) to base 15
61a
Convert 78c (base 13) to base 15.
5b9
-404141 (base 6) to base 13
-1176a
What is 441 (base 13) in base 6?
3213
-71344 (base 8) to base 4
-13023210
Convert 233 (base 11) to base 9.
338
-6380 (base 12) to base 11
-8206
-fc1 (base 16) to base 13
-1ab3
What is 14 (base 7) in base 4?
23
What is -12884 (ba